{"id":2,"date":"2025-10-11T09:41:19","date_gmt":"2025-10-11T13:41:19","guid":{"rendered":"https:\/\/ppaquet.dectim.ca\/webjam\/?page_id=2"},"modified":"2025-10-12T10:11:20","modified_gmt":"2025-10-12T14:11:20","slug":"accueil","status":"publish","type":"page","link":"https:\/\/ppaquet.dectim.ca\/webjam\/accueil\/","title":{"rendered":"Chaque pens\u00e9e compte"},"content":{"rendered":"\n<p>Le CH1P vous plonge dans le pass\u00e9 gr\u00e2ce \u00e0 la puissance des puces neuronales, r\u00e9v\u00e9lant la v\u00e9rit\u00e9 objective et permettant d\u2019explorer chaque \u00e9poque \u00e0 l\u2019abri du contr\u00f4le culturel et technologique du gouvernement.<\/p>\n","protected":false},"excerpt":{"rendered":"<p>Le CH1P vous plonge dans le pass\u00e9 gr\u00e2ce \u00e0 la puissance des puces neuronales, r\u00e9v\u00e9lant la v\u00e9rit\u00e9 objective et permettant d\u2019explorer chaque \u00e9poque \u00e0 l\u2019abri du contr\u00f4le culturel et technologique du gouvernement.<\/p>\n","protected":false},"author":1,"featured_media":108,"parent":0,"menu_order":0,"comment_status":"closed","ping_status":"open","template":"tpl-realpage.php","meta":{"_acf_changed":false,"footnotes":""},"class_list":["post-2","page","type-page","status-publish","has-post-thumbnail","hentry"],"acf":[],"_links":{"self":[{"href":"https:\/\/ppaquet.dectim.ca\/webjam\/wp-json\/wp\/v2\/pages\/2","targetHints":{"allow":["GET"]}}],"collection":[{"href":"https:\/\/ppaquet.dectim.ca\/webjam\/wp-json\/wp\/v2\/pages"}],"about":[{"href":"https:\/\/ppaquet.dectim.ca\/webjam\/wp-json\/wp\/v2\/types\/page"}],"author":[{"embeddable":true,"href":"https:\/\/ppaquet.dectim.ca\/webjam\/wp-json\/wp\/v2\/users\/1"}],"replies":[{"embeddable":true,"href":"https:\/\/ppaquet.dectim.ca\/webjam\/wp-json\/wp\/v2\/comments?post=2"}],"version-history":[{"count":17,"href":"https:\/\/ppaquet.dectim.ca\/webjam\/wp-json\/wp\/v2\/pages\/2\/revisions"}],"predecessor-version":[{"id":306,"href":"https:\/\/ppaquet.dectim.ca\/webjam\/wp-json\/wp\/v2\/pages\/2\/revisions\/306"}],"wp:featuredmedia":[{"embeddable":true,"href":"https:\/\/ppaquet.dectim.ca\/webjam\/wp-json\/wp\/v2\/media\/108"}],"wp:attachment":[{"href":"https:\/\/ppaquet.dectim.ca\/webjam\/wp-json\/wp\/v2\/media?parent=2"}],"curies":[{"name":"wp","href":"https:\/\/api.w.org\/{rel}","templated":true}]}}